{"id":748,"date":"2017-12-07T15:41:08","date_gmt":"2017-12-07T14:41:08","guid":{"rendered":"http:\/\/www.philocite.eu\/blog\/?page_id=748"},"modified":"2017-12-07T15:41:58","modified_gmt":"2017-12-07T14:41:58","slug":"creer","status":"publish","type":"page","link":"https:\/\/www.philocite.eu\/blog\/creer\/","title":{"rendered":"Cr\u00e9er"},"content":{"rendered":"<p>Vous trouverez ici des <a href=\"https:\/\/www.philocite.eu\/blog\/category\/fiches-philo-art\/\">fiches pratiques pour l&rsquo;animation d&rsquo;ateliers philo-art<\/a> (y compris le th\u00e9\u00e2tre) et des <a href=\"https:\/\/www.philocite.eu\/blog\/category\/reflexions-sur-lart\/\">r\u00e9flexions sur l&rsquo;articulation entre pratiques et artistique.<\/a><\/p>\n","protected":false},"excerpt":{"rendered":"<p>Vous trouverez ici des fiches pratiques pour l&rsquo;animation d&rsquo;ateliers philo-art (y compris le th\u00e9\u00e2tre) et des r\u00e9flexions sur l&rsquo;articulation entre pratiques et artistique.<\/p>\n","protected":false},"author":2,"featured_media":471,"parent":0,"menu_order":0,"comment_status":"closed","ping_status":"closed","template":"","meta":{"footnotes":""},"class_list":["post-748","page","type-page","status-publish","has-post-thumbnail","hentry"],"_links":{"self":[{"href":"https:\/\/www.philocite.eu\/blog\/wp-json\/wp\/v2\/pages\/748","targetHints":{"allow":["GET"]}}],"collection":[{"href":"https:\/\/www.philocite.eu\/blog\/wp-json\/wp\/v2\/pages"}],"about":[{"href":"https:\/\/www.philocite.eu\/blog\/wp-json\/wp\/v2\/types\/page"}],"author":[{"embeddable":true,"href":"https:\/\/www.philocite.eu\/blog\/wp-json\/wp\/v2\/users\/2"}],"replies":[{"embeddable":true,"href":"https:\/\/www.philocite.eu\/blog\/wp-json\/wp\/v2\/comments?post=748"}],"version-history":[{"count":2,"href":"https:\/\/www.philocite.eu\/blog\/wp-json\/wp\/v2\/pages\/748\/revisions"}],"predecessor-version":[{"id":750,"href":"https:\/\/www.philocite.eu\/blog\/wp-json\/wp\/v2\/pages\/748\/revisions\/750"}],"wp:featuredmedia":[{"embeddable":true,"href":"https:\/\/www.philocite.eu\/blog\/wp-json\/wp\/v2\/media\/471"}],"wp:attachment":[{"href":"https:\/\/www.philocite.eu\/blog\/wp-json\/wp\/v2\/media?parent=748"}],"curies":[{"name":"wp","href":"https:\/\/api.w.org\/{rel}","templated":true}]}}