{"id":493,"date":"2017-11-20T19:54:46","date_gmt":"2017-11-20T18:54:46","guid":{"rendered":"http:\/\/www.philocite.eu\/blog\/?page_id=493"},"modified":"2018-08-27T10:22:04","modified_gmt":"2018-08-27T08:22:04","slug":"soutiller-2","status":"publish","type":"page","link":"https:\/\/www.philocite.eu\/blog\/soutiller-2\/","title":{"rendered":"S&rsquo;outiller"},"content":{"rendered":"<p>Vous trouverez dans cette rubrique :<\/p>\n<ul>\n<li>des <a href=\"https:\/\/www.philocite.eu\/blog\/category\/outils-du-certificat\" target=\"_blank\" rel=\"noopener\">outils<\/a> r\u00e9alis\u00e9s par des participants au<span style=\"text-decoration: underline;\"><a href=\"https:\/\/www.programmes.uliege.be\/cocoon\/programmes\/PYCUPP00.html?vue=cycle\" target=\"_blank\" rel=\"noopener\"> Certificat d&rsquo;universit\u00e9 en pratiques philosophiques<\/a><\/span>\u00a0et aux Certificats en didactique de la philosophie et de la citoyennet\u00e9 auxquels PhiloCit\u00e9 participe. Ilsi contiennent, outre une description pr\u00e9cise, une dimension r\u00e9flexive appuy\u00e9e ;<\/li>\n<li>des <span style=\"text-decoration: underline;\"><a href=\"https:\/\/www.philocite.eu\/blog\/category\/fiches-pratiques\" target=\"_blank\" rel=\"noopener\">fiches pratiques<\/a><\/span> plus br\u00e8ves qui proposent des s\u00e9quences d&rsquo;animation ;<\/li>\n<li>d&rsquo;<a href=\"htpp:\/\/www.philocite.eu\/blog\/category\/autres-outils\" target=\"_blank\" rel=\"noopener\"><span style=\"text-decoration: underline;\">autres outils<\/span><\/a> d&rsquo;ampleur assez large, qui combinent la description d&rsquo;une animation et son analyse.<\/li>\n<\/ul>\n","protected":false},"excerpt":{"rendered":"<p>Vous trouverez dans cette rubrique : des outils r\u00e9alis\u00e9s par des participants au Certificat d&rsquo;universit\u00e9 en pratiques philosophiques\u00a0et aux Certificats en didactique de la philosophie et de la citoyennet\u00e9 auxquels PhiloCit\u00e9 participe. Ilsi contiennent, outre une description pr\u00e9cise, une dimension r\u00e9flexive appuy\u00e9e ; des fiches pratiques plus br\u00e8ves qui proposent des s\u00e9quences d&rsquo;animation ; d&rsquo;autres &hellip; <\/p>\n<p class=\"link-more\"><a href=\"https:\/\/www.philocite.eu\/blog\/soutiller-2\/\" class=\"more-link\">Continuer la lecture<span class=\"screen-reader-text\"> de &laquo;&nbsp;S&rsquo;outiller&nbsp;&raquo;<\/span><\/a><\/p>\n","protected":false},"author":2,"featured_media":471,"parent":0,"menu_order":0,"comment_status":"closed","ping_status":"closed","template":"","meta":{"footnotes":""},"class_list":["post-493","page","type-page","status-publish","has-post-thumbnail","hentry"],"_links":{"self":[{"href":"https:\/\/www.philocite.eu\/blog\/wp-json\/wp\/v2\/pages\/493","targetHints":{"allow":["GET"]}}],"collection":[{"href":"https:\/\/www.philocite.eu\/blog\/wp-json\/wp\/v2\/pages"}],"about":[{"href":"https:\/\/www.philocite.eu\/blog\/wp-json\/wp\/v2\/types\/page"}],"author":[{"embeddable":true,"href":"https:\/\/www.philocite.eu\/blog\/wp-json\/wp\/v2\/users\/2"}],"replies":[{"embeddable":true,"href":"https:\/\/www.philocite.eu\/blog\/wp-json\/wp\/v2\/comments?post=493"}],"version-history":[{"count":5,"href":"https:\/\/www.philocite.eu\/blog\/wp-json\/wp\/v2\/pages\/493\/revisions"}],"predecessor-version":[{"id":1396,"href":"https:\/\/www.philocite.eu\/blog\/wp-json\/wp\/v2\/pages\/493\/revisions\/1396"}],"wp:featuredmedia":[{"embeddable":true,"href":"https:\/\/www.philocite.eu\/blog\/wp-json\/wp\/v2\/media\/471"}],"wp:attachment":[{"href":"https:\/\/www.philocite.eu\/blog\/wp-json\/wp\/v2\/media?parent=493"}],"curies":[{"name":"wp","href":"https:\/\/api.w.org\/{rel}","templated":true}]}}