{"id":389,"date":"2017-11-20T11:18:59","date_gmt":"2017-11-20T10:18:59","guid":{"rendered":"http:\/\/www.philocite.eu\/blog\/?page_id=389"},"modified":"2017-12-07T10:47:20","modified_gmt":"2017-12-07T09:47:20","slug":"supports","status":"publish","type":"page","link":"https:\/\/www.philocite.eu\/blog\/supports\/","title":{"rendered":"Supports"},"content":{"rendered":"<p style=\"text-align: left;\">Besoin d&rsquo;un support pour d\u00e9marrer une animation ? Du <span style=\"text-decoration: underline;\"><a href=\"https:\/\/www.philocite.eu\/blog\/category\/support-texte\">texte,<\/a><\/span> du <span style=\"text-decoration: underline;\"><a href=\"https:\/\/www.philocite.eu\/blog\/category\/support-audio\">son<\/a>,<\/span> des images, <span style=\"text-decoration: underline;\"><a href=\"https:\/\/www.philocite.eu\/blog\/category\/support-video\">anim\u00e9es<\/a><\/span>, ou <span style=\"text-decoration: underline;\"><a href=\"https:\/\/www.philocite.eu\/blog\/category\/support-image\">non<\/a><\/span> ? C&rsquo;est ici. Chaque support est associ\u00e9 \u00e0 un ou plusieurs th\u00e8mes. Utilisez l&rsquo;outil de recherche par mot-cl\u00e9.<\/p>\n<p>Vous trouverez \u00e9galement ici des <a href=\"https:\/\/www.philocite.eu\/blog\/category\/bibliographie\">ressources bibliographiques<\/a>.<\/p>\n","protected":false},"excerpt":{"rendered":"<p>Besoin d&rsquo;un support pour d\u00e9marrer une animation ? Du texte, du son, des images, anim\u00e9es, ou non ? C&rsquo;est ici. Chaque support est associ\u00e9 \u00e0 un ou plusieurs th\u00e8mes. Utilisez l&rsquo;outil de recherche par mot-cl\u00e9. Vous trouverez \u00e9galement ici des ressources bibliographiques.<\/p>\n","protected":false},"author":2,"featured_media":470,"parent":0,"menu_order":0,"comment_status":"closed","ping_status":"closed","template":"","meta":{"footnotes":""},"class_list":["post-389","page","type-page","status-publish","has-post-thumbnail","hentry"],"_links":{"self":[{"href":"https:\/\/www.philocite.eu\/blog\/wp-json\/wp\/v2\/pages\/389","targetHints":{"allow":["GET"]}}],"collection":[{"href":"https:\/\/www.philocite.eu\/blog\/wp-json\/wp\/v2\/pages"}],"about":[{"href":"https:\/\/www.philocite.eu\/blog\/wp-json\/wp\/v2\/types\/page"}],"author":[{"embeddable":true,"href":"https:\/\/www.philocite.eu\/blog\/wp-json\/wp\/v2\/users\/2"}],"replies":[{"embeddable":true,"href":"https:\/\/www.philocite.eu\/blog\/wp-json\/wp\/v2\/comments?post=389"}],"version-history":[{"count":6,"href":"https:\/\/www.philocite.eu\/blog\/wp-json\/wp\/v2\/pages\/389\/revisions"}],"predecessor-version":[{"id":664,"href":"https:\/\/www.philocite.eu\/blog\/wp-json\/wp\/v2\/pages\/389\/revisions\/664"}],"wp:featuredmedia":[{"embeddable":true,"href":"https:\/\/www.philocite.eu\/blog\/wp-json\/wp\/v2\/media\/470"}],"wp:attachment":[{"href":"https:\/\/www.philocite.eu\/blog\/wp-json\/wp\/v2\/media?parent=389"}],"curies":[{"name":"wp","href":"https:\/\/api.w.org\/{rel}","templated":true}]}}