{"id":10,"date":"2017-11-14T10:38:15","date_gmt":"2017-11-14T09:38:15","guid":{"rendered":"http:\/\/www.philocite.eu\/blog\/?page_id=10"},"modified":"2017-11-21T22:06:30","modified_gmt":"2017-11-21T21:06:30","slug":"contact","status":"publish","type":"page","link":"https:\/\/www.philocite.eu\/blog\/contact\/","title":{"rendered":"PhiloCit\u00e9"},"content":{"rendered":"<p><a href=\"http:\/\/www.philocite.eu\">PhiloCit\u00e9<\/a> est une organisation de jeunesse soutenue par la F\u00e9d\u00e9ration Wallonie-Bruxelles et la R\u00e9gion wallonne.<\/p>\n<p>Plus d&rsquo;infos sur <span style=\"text-decoration: underline;\"><a href=\"http:\/\/www.philocite.eu\">www.philocite.eu<\/a><\/span> ou sur <span style=\"text-decoration: underline;\"><a href=\"https:\/\/fr-fr.facebook.com\/philociteasbl\/\">f\u00e9cebouc<\/a><\/span><\/p>\n<p><span style=\"font-size: 1rem;\"><span style=\"text-decoration: underline;\"><a href=\"mailto:philocite@philocite.eu\">\u00c9crivez-nous<\/a><\/span> ou t\u00e9l\u00e9phonez-nous au 04 250 59 19<\/span><\/p>\n<p>&nbsp;<\/p>\n","protected":false},"excerpt":{"rendered":"<p>PhiloCit\u00e9 est une organisation de jeunesse soutenue par la F\u00e9d\u00e9ration Wallonie-Bruxelles et la R\u00e9gion wallonne. Plus d&rsquo;infos sur www.philocite.eu ou sur f\u00e9cebouc \u00c9crivez-nous ou t\u00e9l\u00e9phonez-nous au 04 250 59 19 &nbsp;<\/p>\n","protected":false},"author":2,"featured_media":468,"parent":0,"menu_order":0,"comment_status":"closed","ping_status":"closed","template":"","meta":{"footnotes":""},"class_list":["post-10","page","type-page","status-publish","has-post-thumbnail","hentry"],"_links":{"self":[{"href":"https:\/\/www.philocite.eu\/blog\/wp-json\/wp\/v2\/pages\/10","targetHints":{"allow":["GET"]}}],"collection":[{"href":"https:\/\/www.philocite.eu\/blog\/wp-json\/wp\/v2\/pages"}],"about":[{"href":"https:\/\/www.philocite.eu\/blog\/wp-json\/wp\/v2\/types\/page"}],"author":[{"embeddable":true,"href":"https:\/\/www.philocite.eu\/blog\/wp-json\/wp\/v2\/users\/2"}],"replies":[{"embeddable":true,"href":"https:\/\/www.philocite.eu\/blog\/wp-json\/wp\/v2\/comments?post=10"}],"version-history":[{"count":9,"href":"https:\/\/www.philocite.eu\/blog\/wp-json\/wp\/v2\/pages\/10\/revisions"}],"predecessor-version":[{"id":527,"href":"https:\/\/www.philocite.eu\/blog\/wp-json\/wp\/v2\/pages\/10\/revisions\/527"}],"wp:featuredmedia":[{"embeddable":true,"href":"https:\/\/www.philocite.eu\/blog\/wp-json\/wp\/v2\/media\/468"}],"wp:attachment":[{"href":"https:\/\/www.philocite.eu\/blog\/wp-json\/wp\/v2\/media?parent=10"}],"curies":[{"name":"wp","href":"https:\/\/api.w.org\/{rel}","templated":true}]}}